 53186?
8
What is the tens digit of 111972?
7
What is the hundreds digit of 20169?
1
What is the tens digit of 664?
6
What is the ten thousands digit of 58237?
5
What is the tens digit of 51346?
4
What is the hundreds digit of 978?
9
What is the units digit of 1014?
4
What is the hundreds digit of 8273?
2
What is the tens digit of 94?
9
What is the thousands digit of 11928?
1
What is the tens digit of 55069?
6
What is the thousands digit of 4934?
4
What is the ten thousands digit of 21043?
2
What is the hundreds digit of 2793?
7
What is the units digit of 478?
8
What is the units digit of 11868?
8
What is the thousands digit of 86355?
6
What is the tens digit of 13762?
6
What is the hundreds digit of 1232?
2
What is the tens digit of 73?
7
What is the thousands digit of 9190?
9
What is the ten thousands digit of 21658?
2
What is the tens digit of 29865?
6
What is the hundreds digit of 92748?
7
What is the units digit of 61795?
5
What is the tens digit of 57?
5
What is the hundreds digit of 1848?
8
What is the units digit of 69078?
8
What is the tens digit of 92?
9
What is the units digit of 2265?
5
What is the hundreds digit of 14916?
9
What is the thousands digit of 6273?
6
What is the tens digit of 1953?
5
What is the tens digit of 1481?
8
What is the tens digit of 1528?
2
What is the thousands digit of 1895?
1
What is the tens digit of 10046?
4
What is the ten thousands digit of 11578?
1
What is the tens digit of 7018?
1
What is the tens digit of 337?
3
What is the hundreds digit of 893?
8
What is the thousands digit of 28161?
8
What is the hundreds digit of 2197?
1
What is the hundreds digit of 733?
7
What is the thousands digit of 12173?
2
What is the ten thousands digit of 10429?
1
What is the units digit of 15545?
5
What is the hundreds digit of 167?
1
What is the ten thousands digit of 10912?
1
What is the thousands digit of 1573?
1
What is the hundreds digit of 421?
4
What is the hundreds digit of 7061?
0
What is the tens digit of 408?
0
What is the ten thousands digit of 81694?
8
What is the thousands digit of 2639?
2
What is the hundreds digit of 4405?
4
What is the thousands digit of 2743?
2
What is the units digit of 3485?
5
What is the units digit of 1949?
9
What is the units digit of 57903?
3
What is the hundreds digit of 1004?
0
What is the hundreds digit of 18091?
0
What is the units digit of 364?
4
What is the hundreds digit of 8568?
5
What is the units digit of 109445?
5
What is the thousands digit of 1198?
1
What is the units digit of 131146?
6
What is the units digit of 8276?
6
What is the hundreds digit of 1498?
4
What is the ten thousands digit of 56657?
5
What is the thousands digit of 8873?
8
What is the hundreds digit of 2910?
9
What is the tens digit of 19517?
1
What is the thousands digit of 23870?
3
What is the units digit of 11295?
5
What is the thousands digit of 95565?
5
What is the units digit of 763?
3
What is the units digit of 12111?
1
What is the units digit of 3650?
0
What is the hundreds digit of 25941?
9
What is the thousands digit of 38590?
8
What is the tens digit of 424?
2
What is the hundreds digit of 14544?
5
What is the hundreds digit of 69966?
9
What is the ten thousands digit of 67877?
6
What is the tens digit of 811?
1
What is the ten thousands digit of 30081?
3
What is the hundreds digit of 1486?
4
What is the tens digit of 18774?
7
What is the tens digit of 778?
7
What is the thousands digit of 1704?
1
What is the units digit of 2853?
3
What is the ten thousands digit of 10096?
1
What is the thousands digit of 21089?
1
What is the tens digit of 2108?
0
What is the tens digit of 100557?
5
What is the thousands digit of 41047?
1
What is the units digit of 3710?
0
What is the tens digit of 8508?
0
What is the units digit of 2266?
6
What is the tens digit of 100?
0
What is the thousands digit of 60192?
0
What is the units digit of 2843?
3
What is the ten thousands digit of 16056?
1
What is the hundreds digit of 25909?
9
What is the thousands digit of 52905?
2
What is the units digit of 18958?
8
What is the tens digit of 9647?
4
What is the units digit of 1993?
3
What is the tens digit of 1884?
8
What is the units digit of 4373?
3
What is the tens digit of 1173?
7
What is the hundreds digit of 100596?
5
What is the thousands digit of 12189?
2
What is the ten thousands digit of 101191?
0
What is the ten thousands digit of 18476?
1
What is the ten thousands digit of 110967?
1
What is the tens digit of 5005?
0
What is the tens digit of 464?
6
What is the units digit of 4153?
3
What is the thousands digit of 1748?
1
What is the tens digit of 162883?
8
What is the units digit of 1483?
3
What is the thousands digit of 126304?
6
What is the units digit of 1067?
7
What is the thousands digit of 39521?
9
What is the thousands digit of 6374?
6
What is the tens digit of 137?
3
What is the hundreds digit of 660?
6
What is the hundreds digit of 679?
6
What is the ten thousands digit of 16730?
1
What is the tens digit of 98?
9
What is the ten thousands digit of 60367?
6
What is the hundreds digit of 2112?
1
What is the thousands digit of 13921?
3
What is the units digit of 53669?
9
What is the hundreds digit of 385?
3
What is the tens digit of 467?
6
What is the tens digit of 2947?
4
What is the thousands digit of 22985?
2
What is the thousands digit of 1580?
1
What is the tens digit of 6777?
7
What is the thousands digit of 5436?
5
What is the hundreds digit of 2460?
4
What is the thousands digit of 17503?
7
What is the hundreds digit of 1309?
3
What is the tens digit of 48485?
8
What is the hundreds digit of 29886?
8
What is the tens digit of 156?
5
What is the thousands digit of 9165?
9
What is the hundreds digit of 471?
4
What is the thousands digit of 81591?
1
What is the units digit of 70056?
6
What is the units digit of 21664?
4
What is the thousands digit of 3458?
3
What is the tens digit of 575?
7
What is the ten thousands digit of 117519?
1
What is the hundreds digit of 1546?
5
What is the units digit of 32?
2
What is the tens digit of 1728?
2
What is the units digit of 854?
4
What is the ten thousands digit of 133884?
3
What is the tens digit of 905?
0
What is the tens digit of 78?
7
What is the tens digit of 2120?
2
What is the hundreds digit of 448?
4
What is the hundreds digit of 4101?
1
What is the ten thousands digit of 55895?
5
What is the tens digit of 730?
3
What is the tens digit of 55?
5
What is the hundreds digit of 23278?
2
What is the hundreds digit of 553?
5
What is the units digit of 24115?
5
What is the hundred thousands digit of 121084?
1
What is the hundreds digit of 849?
8
What is the units digit of 1776?
6
What is the units digit of 7411?
1
What is the hundreds digit of 2789?
7
What is the units digit of 18964?
4
What is the hundreds digit of 36671?
6
What is the units digit of 43891?
1
What is the hundreds digit of 136?
1
What is the units digit of 19412?
2
What is the units digit of 3057?
7
What is the tens digit of 1108?
0
What is the tens digit of 11714?
1
What is the thousands digit of 2243?
2
What is the units digit of 3282?
2
What is the thousands digit of 1486?
1
What is the units digit of 4765?
5
What is the hundreds digit of 2671?
6
What is the hundreds digit of 1028?
0
What is the hundreds digit of 14547?
5
What is the tens digit of 2351?
5
What is the tens digit of 1045?
4
What is the hundreds digit of 4143?
1
What is the units digit of 33924?
4
What is the units digit of 5187?
7
What is the tens digit of 811?
1
What is the units digit of 7585?
5
What is the thousands digit of 7243?
7
What is the units digit of 79852?
2
What is the units digit of 42958?
8
What is the ten thousands digit of 64515?
6
What is the units digit of 22993?
3
What is the hundreds digit of 65271?
2
What is the units digit of 6225?
5
What is the hundreds digit of 9609?
6
What is the units digit of 670?
0
What is the thousands digit of 2680?
2
What is the tens digit of 55199?
9
What is the tens digit of 22545?
4
What is the thousands digit of 4982?
4
What is the units digit of 761?
1
What is the tens digit of 130100?
0
What is the tens digit of 25227?
2
What is the tens digit of 62893?
9
What is the tens digit of 12881?
8
What is the thousands digit of 9769?
9
What is the units digit of 717?
7